8 + k. What is the units digit of n?
3
Let f(z) = -6*z - 2. Suppose 10*p + 63 = 7*p. Let t be 6/p - 57/21. What is the tens digit of f(t)?
1
Suppose 5*i + 0*i + 10 = 0. Let w be -3 + 12/(0 - i). Suppose -w*c - c = -104. What is the tens digit of c?
2
Suppose 0 = -4*o + 4*x - 0*x + 3040, -5*o = 2*x - 3814. What is the hundreds digit of o?
7
What is the tens digit of 32731/9 + (-32)/(-144)?
3
Let m(c) = 10*c**3 + 3*c**2 - 3*c + 5. Let q be -2 + -5 + 11 + -2. What is the units digit of m(q)?
1
Suppose 2*s = 4*u - 7*u + 3194, -s = 5*u - 1611. What is the hundreds digit of s?
5
Suppose -2*n - 9*n = 33. What is the units digit of -4 - 0 - n*(7 + -1)?
4
Let k(a) = 10*a + 2. Let n(o) = -9*o - 3. Let d(f) = -8*f - 3. Let l(i) = -2*d(i) + 3*n(i). Let c(r) = -6*k(r) - 5*l(r). What is the tens digit of c(-4)?
2
Let a(f) = -f**2 - 25*f - 19. Let k be a(-19). Suppose 125 = 5*u - k. What is the units digit of u?
4
Let c = 63 - -62. What is the tens digit of c?
2
Let t = 5 - 0. Suppose 5*n - 11 = 4*n. Let g = n + t. What is the units digit of g?
6
Suppose 5*j - 3*a = -2*a + 302, 4*j + 2*a = 250. What is the tens digit of j?
6
Let w(k) = 4*k**3 + 2*k**2 + 6*k - 3. Let n(p) = -p**3 - 9*p**2 + 3. Let b be n(-9). What is the units digit of w(b)?
1
Suppose -2*o - 4*l = -8*l - 1738, -l = 2*o - 1728. What is the hundreds digit of o?
8
Suppose -6*r = -2734 - 1322. What is the units digit of r?
6
Let o(l) = l**3 + 5*l**2 - 6*l + 3. Let a be o(-6). Let k(w) = 2*w + 1. Let p be k(a). Suppose -p = -2*q + 5. What is the units digit of q?
6
Suppose -3*f + 7143 = 5*s, 3*f - 1938 = -4*s + 5208. What is the hundreds digit of f?
3
Suppose -6*u = -8*u - 128. Let m = u + 106. What is the tens digit of m?
4
Let w(t) = -13*t. Let r be -25 + 25 + (-5)/1. What is the tens digit of w(r)?
6
Let y(r) = -r**2 + 24*r - 12. Let j(o) = 11*o**2 - 4*o - 3. Let t be j(-1). Let d be y(t). Suppose v - d = -v. What is the units digit of v?
6
Suppose -m = q - 3, -3 = -5*m + 5*q + 2. Suppose l = -2*b + 26, 7 = b - m*l + l. What is the tens digit of b?
1
Let i = -1919 + 2902. What is the units digit of i?
3
Let t(o) = -o**2 + 38*o + 174. What is the units digit of t(42)?
6
Suppose -7*q + 667 - 9 = 0. Let m = 145 - q. What is the tens digit of m?
5
What is the thousands digit of 17937/4 + 169/(-676)?
4
Let v = -1784 + 3350. What is the thousands digit of v?
1
Let y = -4 - -26. Let g be (y/4)/(2/36). Suppose 4*k = 5 + g. What is the tens digit of k?
2
What is the hundreds digit of ((-4)/10)/((-24)/73200)?
2
Let w(u) = -71*u + 3 + 6 + 57*u. What is the hundreds digit of w(-9)?
1
What is the hundreds digit of 14/28*103*4?
2
Suppose 586 = 3*n - 1169. What is the units digit of n?
5
Let u(x) be the second derivative of -x**6/360 + 3*x**5/40 + 2*x**4/3 - 2*x. Let s(b) be the third derivative of u(b). What is the tens digit of s(-7)?
2
Suppose -22 = -q + 12*i - 9*i, q - 4*i = 26. Suppose q*t + 289 = 1879. What is the hundreds digit of t?
1
Let m = -13 - -15. Let g(c) = c + 6*c - 6*c + 9*c - m. What is the units digit of g(3)?
8
Suppose 950 = 5*o - 5*k, -2*k = 5*o - 287 - 628. What is the tens digit of o?
8
Let t(d) = -d**3 + 16*d**2 - 14*d - 5. Let m be t(15). Suppose -m*l = -4*l - 216. What is the tens digit of l?
3
Suppose -238 - 2447 = -f. What is the units digit of f?
5
Suppose 0 = o + 2*p - 6, 9 = o - p + 3. What is the units digit of o?
6
Let z(x) = x**2 - 8*x + 17. Let p be 6/4*176/(-33). Let c be 30*(2 - p/(-5)). What is the tens digit of z(c)?
6
Let d be (436/(-1))/((-6)/3). Suppose -2*j - 4*x + 152 = -9*x, -d = -3*j + 5*x. What is the tens digit of j?
6
Suppose 0 = 23*f - 27*f - 620. Let x = f + 157. What is the units digit of x?
2
What is the units digit of 8136/27*9/6?
2
Let r = 2541 + -604. What is the units digit of r?
7
Let a(z) = 8*z**2 - 4*z - 5. Let q be a(-3). Let g = q - 39. What is the tens digit of (-16)/g*(1 - 141)?
5
Let l(o) = 82*o + 137. What is the thousands digit of l(28)?
2
Let b(u) = 8*u**2 - 23*u - 8. What is the tens digit of b(12)?
6
Let t(q) be the second derivative of q**4/12 - 5*q**3/6 - 19*q**2/2 + 4*q. What is the units digit of t(8)?
5
Suppose -3*g - 9 = -4*n, -4*g + 10 = -3*n + 5*n. Suppose n*k - 250 = k. What is the tens digit of k?
2
Suppose 4*k + 345 = 3*y + k, 15 = -3*k. Suppose -8*l + y = -6*l. Let g = l + -34. What is the tens digit of g?
2
Suppose -s = 4*g - 5222 + 13, 2*g + s = 2603. What is the tens digit of g?
0
Let h be (154/(-5))/(0 - (-2)/(-5)). Let x = -56 + h. What is the units digit of x?
1
Let b(c) = -c**2 - 19*c - 28. Let o be b(-10). Let a = o + 6. What is the units digit of a?
8
Suppose -3*q = -3*v - 27, -3*q - 2*q = 3*v + 59. Let u = v + 22. What is the units digit of u?
9
Let z(p) = p**2 + p - 4. Let u be z(2). Let x be 0 + 6 - (5 - u). Suppose x*f = -2*f + 130. What is the tens digit of f?
2
Suppose -3*t - t = 56. Let w = 16 + t. Suppose 4*v = p + v - 1, -w*p = -v - 12. What is the units digit of p?
7
Let g = 7 - -5. Let p = g - 3. Let v(j) = -j + 10. What is the units digit of v(p)?
1
Let j(q) = -27*q - 5. Let b(k) = 3*k**2 + 5. Let v be b(3). Let p = v - 34. What is the units digit of j(p)?
9
Let z(o) = -o**2 - 6*o - 5. Let w be z(-3). Let q be 0 + w - (-32 - -12). Suppose 4*g - 180 = -q. What is the tens digit of g?
3
Suppose -w - 3*m = 2*m - 8, -2*w + 26 = 5*m. Suppose 63 = -0*j - 3*j - 4*n, -j + n - 14 = 0. Let g = j + w. What is the units digit of g?
1
Suppose -13*d = -2*f - 11*d + 1944, 3*f = 4*d + 2915. What is the hundreds digit of f?
9
Let i(p) = p**2 - 7*p - 8. Let x be i(7). Let k = -9 - x. What is the units digit of (-2)/(4/(-10)) - k?
6
Suppose 6*k - 10 = 4*k. Let z(h) = h**2 + 5*h - 3. What is the units digit of z(k)?
7
Let s = 15 + -15. Suppose s*d - 112 = 2*d. What is the units digit of (-40)/(-50) - d/5?
2
Suppose 65 + 5 = 14*g. Suppose 0 = -0*x - x, 0 = -g*n + 2*x + 75. What is the units digit of n?
5
Suppose 0 = 4*z - 4*m + 4, -2*m - 2*m - 8 = 2*z. Let q be 34/(1/z - -1). Suppose 0 = 4*i - q - 76. What is the units digit of i?
6
What is the units digit of (-12 - -15)/((-3)/(-17))?
7
Suppose 0 = 3*m + 3*j + 55 - 346, m - 85 = -5*j. Let w = m - 50. What is the units digit of w?
0
Let j be ((-4)/((-4)/(-321)))/((-3)/2). Let x = j + -108. What is the hundreds digit of x?
1
Let k(f) = -f + 7. Let m be k(5). Suppose 0 = u - 5, -m*u = 3*b - 3*u - 178. What is the units digit of b?
1
Suppose 83*v - 77*v - 2604 = 0. What is the tens digit of (-5)/(-10)*v + -1?
1
Let i(g) be the first derivative of -4*g**2 + 14*g - 15. What is the units digit of i(-5)?
4
Let z(u) be the third derivative of -5*u**4/12 - 5*u**3/6 + 2*u**2. Let t be (-4)/(-26) + 335/(-65). What is the tens digit of z(t)?
4
Let c be 2/4 + 2788/8. Suppose -c - 103 = -4*w. What is the units digit of w?
3
Suppose y = m - 206 - 57, -4*y - 522 = -2*m. Suppose -5*g + 5*x = -m, -g - 3*x + 23 = 2*x. What is the units digit of g?
8
Suppose y = 4*v + 1484, -y - v = 2*y - 4413. What is the thousands digit of y?
1
Let c = 5 - 9. What is the tens digit of 2 + -7 - c - -215?
1
Let u be (5/(-10))/((-2)/(-196)). Let g = u - -99. What is the tens digit of g?
5
Suppose 5*v = 2*t - 11059, -t + v + 3628 = -1894. What is the units digit of t?
7
Let r be ((-342)/95)/(2/10). Let y = 149 - r. What is the units digit of y?
7
Let f be 2939/7 - (-12)/84. Suppose 10*z = 15*z - f. Suppose -4*h + z = -h. What is the units digit of h?
8
Let t = 1177 + -448. What is the tens digit of t?
2
Suppose -8895 = -39*v + 24*v. What is the tens digit of v?
9
Suppose -3*a - y = -1882, -5*a = -y - 95 - 3039. What is the units digit of a?
7
Let y(x) = -x**2 - 22*x - 31. Suppose 22 = -d - 2*o, 2*d + 2*o + 12 + 28 = 0. What is the tens digit of y(d)?
4
Suppose 4*j - 14 = i, 3*i = 5*j - 12 - 9. Suppose -5 = k + x - 134, j*x = -k + 127. What is the units digit of k?
0
Suppose 80 = -2*a - 0*a. Let y be (6 + -7)*27 + -1. Let u = y - a. What is the tens digit of u?
1
Let c = -14 - -14. Suppose c = -3*p + 5*j + 116, 0*j + 10 = 2*j. Let r = p - -1. What is the units digit of r?
8
Let n = -19 - -20. What is the units digit of ((-2 - 41)/(5/(-5)))/n?
3
Let z(a) = 118*a - 3. Suppose 0 = -2*k + 5*b - 29, 4*b = -5*k - b + 15. Let m(n) = -59*n + 1. Let s(w) = k*z(w) - 5*m(w). What is the units digit of s(1)?
0
Suppose -49*l =